Last updated on 2025-04-30 04:50:05 CEST.
Flavor | Version | Tinstall | Tcheck | Ttotal | Status | Flags |
---|---|---|---|---|---|---|
r-devel-linux-x86_64-debian-clang | 0.7.0 | 5.20 | 347.25 | 352.45 | NOTE | |
r-devel-linux-x86_64-debian-gcc | 0.7.0 | 3.30 | 236.22 | 239.52 | NOTE | |
r-devel-linux-x86_64-fedora-clang | 0.7.0 | 557.92 | OK | |||
r-devel-linux-x86_64-fedora-gcc | 0.7.0 | 559.83 | OK | |||
r-devel-windows-x86_64 | 0.7.0 | 6.00 | 393.00 | 399.00 | OK | |
r-patched-linux-x86_64 | 0.7.0 | 5.96 | 330.11 | 336.07 | OK | |
r-release-linux-x86_64 | 0.7.0 | 4.92 | 332.09 | 337.01 | OK | |
r-release-macos-arm64 | 0.7.0 | 167.00 | OK | |||
r-release-macos-x86_64 | 0.7.0 | 361.00 | OK | |||
r-release-windows-x86_64 | 0.7.0 | 8.00 | 371.00 | 379.00 | OK | |
r-oldrel-macos-arm64 | 0.7.0 | 158.00 | OK | |||
r-oldrel-macos-x86_64 | 0.7.0 | 305.00 | OK | |||
r-oldrel-windows-x86_64 | 0.7.0 | 9.00 | 478.00 | 487.00 | OK |
Version: 0.7.0
Check: CRAN incoming feasibility
Result: NOTE
Maintainer: ‘Merlin Unterfinger <info@munterfinger.ch>’
Package CITATION file contains call(s) to old-style citEntry(). Please
use bibentry() instead.
Flavors: r-devel-linux-x86_64-debian-clang, r-devel-linux-x86_64-debian-gcc
Version: 0.7.0
Check: examples
Result: NOTE
Examples with CPU (user + system) or elapsed time > 5s
user system elapsed
dem2track.extent 8.844 0.158 9.765
Flavor: r-devel-linux-x86_64-debian-clang
Version: 0.7.0
Check: examples
Result: NOTE
Examples with CPU (user + system) or elapsed time > 5s
user system elapsed
dem2track.extent 6.305 0.19 8.298
Flavor: r-devel-linux-x86_64-debian-gcc