Last updated on 2025-04-30 04:50:05 CEST.
Flavor | Version | Tinstall | Tcheck | Ttotal | Status | Flags |
---|---|---|---|---|---|---|
r-devel-linux-x86_64-debian-clang | 1.0-9 | 19.22 | 158.86 | 178.08 | NOTE | |
r-devel-linux-x86_64-debian-gcc | 1.0-9 | 11.27 | 102.07 | 113.34 | OK | |
r-devel-linux-x86_64-fedora-clang | 1.0-9 | 282.88 | OK | |||
r-devel-linux-x86_64-fedora-gcc | 1.0-9 | 284.75 | OK | |||
r-devel-windows-x86_64 | 1.0-9 | 22.00 | 203.00 | 225.00 | OK | |
r-patched-linux-x86_64 | 1.0-9 | 17.70 | 148.51 | 166.21 | OK | |
r-release-linux-x86_64 | 1.0-9 | 17.21 | 149.50 | 166.71 | OK | |
r-release-macos-arm64 | 1.0-9 | 90.00 | OK | |||
r-release-macos-x86_64 | 1.0-9 | 162.00 | OK | |||
r-release-windows-x86_64 | 1.0-9 | 21.00 | 203.00 | 224.00 | OK | |
r-oldrel-macos-arm64 | 1.0-9 | 77.00 | OK | |||
r-oldrel-macos-x86_64 | 1.0-9 | 194.00 | OK | |||
r-oldrel-windows-x86_64 | 1.0-9 | 26.00 | 242.00 | 268.00 | OK |
Version: 1.0-9
Check: examples
Result: NOTE
Examples with CPU (user + system) or elapsed time > 5s
user system elapsed
LRtest 5.196 0.016 8.040
NPtest 4.571 0.031 6.637
Flavor: r-devel-linux-x86_64-debian-clang