Last updated on 2025-04-30 04:50:04 CEST.
Flavor | Version | Tinstall | Tcheck | Ttotal | Status | Flags |
---|---|---|---|---|---|---|
r-devel-linux-x86_64-debian-clang | 0.1.7 | 41.57 | 180.40 | 221.97 | OK | |
r-devel-linux-x86_64-debian-gcc | 0.1.7 | 32.95 | 131.84 | 164.79 | OK | |
r-devel-linux-x86_64-fedora-clang | 0.1.7 | 377.50 | OK | |||
r-devel-linux-x86_64-fedora-gcc | 0.1.7 | 415.80 | OK | |||
r-devel-windows-x86_64 | 0.1.7 | 41.00 | 246.00 | 287.00 | OK | |
r-patched-linux-x86_64 | 0.1.7 | 41.59 | 186.31 | 227.90 | OK | |
r-release-linux-x86_64 | 0.1.7 | 43.43 | 188.33 | 231.76 | OK | |
r-release-macos-arm64 | 0.1.7 | 105.00 | OK | |||
r-release-macos-x86_64 | 0.1.7 | 218.00 | OK | |||
r-release-windows-x86_64 | 0.1.7 | 43.00 | 252.00 | 295.00 | OK | |
r-oldrel-macos-arm64 | 0.1.7 | 119.00 | NOTE | |||
r-oldrel-macos-x86_64 | 0.1.7 | 251.00 | NOTE | |||
r-oldrel-windows-x86_64 | 0.1.7 | 48.00 | 273.00 | 321.00 | OK |
Version: 0.1.7
Check: installed package size
Result: NOTE
installed size is 18.3Mb
sub-directories of 1Mb or more:
R 2.5Mb
libs 15.5Mb
Flavors: r-oldrel-macos-arm64, r-oldrel-macos-x86_64