CRAN Package Check Results for Package easy.glmnet

Last updated on 2025-04-30 04:50:04 CEST.

Flavor Version Tinstall Tcheck Ttotal Status Flags
r-devel-linux-x86_64-debian-clang 1.0 7.47 65.99 73.46 NOTE
r-devel-linux-x86_64-debian-gcc 1.0 5.52 48.33 53.85 OK
r-devel-linux-x86_64-fedora-clang 1.0 114.05 OK
r-devel-linux-x86_64-fedora-gcc 1.0 110.79 OK
r-devel-windows-x86_64 1.0 9.00 85.00 94.00 OK
r-patched-linux-x86_64 1.0 7.15 63.84 70.99 OK
r-release-linux-x86_64 1.0 6.48 63.86 70.34 OK
r-release-macos-arm64 1.0 42.00 OK
r-release-macos-x86_64 1.0 74.00 OK
r-release-windows-x86_64 1.0 10.00 85.00 95.00 OK
r-oldrel-macos-arm64 1.0 36.00 OK
r-oldrel-macos-x86_64 1.0 77.00 OK
r-oldrel-windows-x86_64 1.0 9.00 99.00 108.00 OK

Check Details

Version: 1.0
Check: examples
Result: NOTE Examples with CPU (user + system) or elapsed time > 5s user system elapsed surv2binary 4.036 0.016 5.341 Flavor: r-devel-linux-x86_64-debian-clang