Last updated on 2025-04-30 04:50:04 CEST.
Flavor | Version | Tinstall | Tcheck | Ttotal | Status | Flags |
---|---|---|---|---|---|---|
r-devel-linux-x86_64-debian-clang | 0.40.2 | 9.05 | 92.55 | 101.60 | NOTE | |
r-devel-linux-x86_64-debian-gcc | 0.40.2 | 7.16 | 61.29 | 68.45 | NOTE | |
r-devel-linux-x86_64-fedora-clang | 0.40.2 | 157.42 | OK | |||
r-devel-linux-x86_64-fedora-gcc | 0.40.2 | 152.72 | OK | |||
r-devel-windows-x86_64 | 0.40.2 | 11.00 | 105.00 | 116.00 | OK | |
r-patched-linux-x86_64 | 0.40.2 | 10.00 | 85.98 | 95.98 | OK | |
r-release-linux-x86_64 | 0.40.2 | 8.71 | 86.60 | 95.31 | OK | |
r-release-macos-arm64 | 0.40.2 | 46.00 | OK | |||
r-release-macos-x86_64 | 0.40.2 | 86.00 | OK | |||
r-release-windows-x86_64 | 0.40.2 | 11.00 | 104.00 | 115.00 | OK | |
r-oldrel-macos-arm64 | 0.40.2 | 46.00 | OK | |||
r-oldrel-macos-x86_64 | 0.40.2 | 90.00 | OK | |||
r-oldrel-windows-x86_64 | 0.40.2 | 14.00 | 128.00 | 142.00 | OK |
Version: 0.40.2
Check: examples
Result: NOTE
Examples with CPU (user + system) or elapsed time > 5s
user system elapsed
STEPR 13.606 0.015 17.145
ACLUST 4.037 0.058 5.780
Flavor: r-devel-linux-x86_64-debian-clang
Version: 0.40.2
Check: examples
Result: NOTE
Examples with CPU (user + system) or elapsed time > 5s
user system elapsed
STEPR 6.101 0.001 6.81
Flavor: r-devel-linux-x86_64-debian-gcc