Last updated on 2025-04-30 04:50:04 CEST.
Flavor | Version | Tinstall | Tcheck | Ttotal | Status | Flags |
---|---|---|---|---|---|---|
r-devel-linux-x86_64-debian-clang | 2.13 | 2.19 | 105.08 | 107.27 | NOTE | |
r-devel-linux-x86_64-debian-gcc | 2.13 | 1.79 | 82.13 | 83.92 | NOTE | |
r-devel-linux-x86_64-fedora-clang | 2.13 | 118.70 | OK | |||
r-devel-linux-x86_64-fedora-gcc | 2.13 | 126.82 | OK | |||
r-devel-windows-x86_64 | 2.13 | 4.00 | 162.00 | 166.00 | OK | |
r-patched-linux-x86_64 | 2.13 | 2.26 | 100.41 | 102.67 | OK | |
r-release-linux-x86_64 | 2.13 | 2.39 | 99.55 | 101.94 | OK | |
r-release-macos-arm64 | 2.13 | 66.00 | OK | |||
r-release-macos-x86_64 | 2.13 | 158.00 | OK | |||
r-release-windows-x86_64 | 2.13 | 4.00 | 158.00 | 162.00 | OK | |
r-oldrel-macos-arm64 | 2.13 | 64.00 | OK | |||
r-oldrel-macos-x86_64 | 2.13 | 116.00 | OK | |||
r-oldrel-windows-x86_64 | 2.13 | 3.00 | 196.00 | 199.00 | OK |
Version: 2.13
Check: CRAN incoming feasibility
Result: NOTE
Maintainer: ‘Damiano Fantini <damiano.fantini@gmail.com>’
No Authors@R field in DESCRIPTION.
Please add one, modifying
Authors@R: person(given = "Damiano",
family = "Fantini",
role = c("aut", "cre"),
email = "damiano.fantini@gmail.com")
as necessary.
Flavors: r-devel-linux-x86_64-debian-clang, r-devel-linux-x86_64-debian-gcc