CRAN Package Check Results for Package easySVG

Last updated on 2025-02-21 03:52:11 CET.

Flavor Version Tinstall Tcheck Ttotal Status Flags
r-devel-linux-x86_64-debian-clang 0.1.0 2.01 22.89 24.90 OK
r-devel-linux-x86_64-debian-gcc 0.1.0 1.48 17.88 19.36 OK
r-devel-linux-x86_64-fedora-clang 0.1.0 41.21 OK
r-devel-linux-x86_64-fedora-gcc 0.1.0 52.21 OK
r-devel-macos-arm64 0.1.0 21.00 OK
r-devel-macos-x86_64 0.1.0 39.00 OK
r-devel-windows-x86_64 0.1.0 4.00 45.00 49.00 OK
r-patched-linux-x86_64 0.1.0 2.17 21.76 23.93 NOTE
r-release-linux-x86_64 0.1.0 1.89 21.60 23.49 NOTE
r-release-macos-arm64 0.1.0 21.00 NOTE
r-release-macos-x86_64 0.1.0 32.00 NOTE
r-release-windows-x86_64 0.1.0 4.00 47.00 51.00 NOTE
r-oldrel-macos-arm64 0.1.0 21.00 NOTE
r-oldrel-macos-x86_64 0.1.0 32.00 NOTE
r-oldrel-windows-x86_64 0.1.0 5.00 54.00 59.00 NOTE

Check Details

Version: 0.1.0
Check: LazyData
Result: NOTE 'LazyData' is specified without a 'data' directory Flavors: r-patched-linux-x86_64, r-release-linux-x86_64, r-release-macos-arm64, r-release-macos-x86_64, r-release-windows-x86_64, r-oldrel-macos-arm64, r-oldrel-macos-x86_64, r-oldrel-windows-x86_64