CRAN Package Check Results for Package easyr

Last updated on 2025-04-30 04:50:04 CEST.

Flavor Version Tinstall Tcheck Ttotal Status Flags
r-devel-linux-x86_64-debian-clang 0.5-11 5.76 54.92 60.68 OK
r-devel-linux-x86_64-debian-gcc 0.5-11 3.82 36.09 39.91 OK
r-devel-linux-x86_64-fedora-clang 0.5-11 92.04 NOTE
r-devel-linux-x86_64-fedora-gcc 0.5-11 102.40 NOTE
r-devel-windows-x86_64 0.5-11 7.00 90.00 97.00 OK
r-patched-linux-x86_64 0.5-11 6.32 51.27 57.59 OK
r-release-linux-x86_64 0.5-11 4.78 51.09 55.87 OK
r-release-macos-arm64 0.5-11 45.00 OK
r-release-macos-x86_64 0.5-11 63.00 OK
r-release-windows-x86_64 0.5-11 8.00 88.00 96.00 OK
r-oldrel-macos-arm64 0.5-11 38.00 OK
r-oldrel-macos-x86_64 0.5-11 67.00 OK
r-oldrel-windows-x86_64 0.5-11 8.00 103.00 111.00 OK

Check Details

Version: 0.5-11
Check: dependencies in R code
Result: NOTE Namespace in Imports field not imported from: ‘rprojroot’ All declared Imports should be used. Flavors: r-devel-linux-x86_64-fedora-clang, r-devel-linux-x86_64-fedora-gcc