Last updated on 2025-04-30 04:50:04 CEST.
Flavor | Version | Tinstall | Tcheck | Ttotal | Status | Flags |
---|---|---|---|---|---|---|
r-devel-linux-x86_64-debian-clang | 4.0 | 9.17 | 50.67 | 59.84 | NOTE | |
r-devel-linux-x86_64-debian-gcc | 4.0 | 5.51 | 33.97 | 39.48 | NOTE | |
r-devel-linux-x86_64-fedora-clang | 4.0 | 96.01 | OK | |||
r-devel-linux-x86_64-fedora-gcc | 4.0 | 86.52 | OK | |||
r-devel-windows-x86_64 | 4.0 | 10.00 | 66.00 | 76.00 | OK | |
r-patched-linux-x86_64 | 4.0 | 6.76 | 49.04 | 55.80 | OK | |
r-release-linux-x86_64 | 4.0 | 8.33 | 48.77 | 57.10 | OK | |
r-release-macos-arm64 | 4.0 | 32.00 | OK | |||
r-release-macos-x86_64 | 4.0 | 52.00 | OK | |||
r-release-windows-x86_64 | 4.0 | 9.00 | 66.00 | 75.00 | OK | |
r-oldrel-macos-arm64 | 4.0 | 27.00 | OK | |||
r-oldrel-macos-x86_64 | 4.0 | 40.00 | OK | |||
r-oldrel-windows-x86_64 | 4.0 | 10.00 | 73.00 | 83.00 | OK |
Version: 4.0
Check: CRAN incoming feasibility
Result: NOTE
Maintainer: ‘Emmanuel Arnhold <emmanuelarnhold@yahoo.com.br>’
No Authors@R field in DESCRIPTION.
Please add one, modifying
Authors@R: person(given = "Emmanuel",
family = "Arnhold",
role = c("aut", "cre"),
email = "emmanuelarnhold@yahoo.com.br")
as necessary.
Package CITATION file contains call(s) to old-style personList() or
as.personList(). Please use c() on person objects instead.
Package CITATION file contains call(s) to old-style citEntry(). Please
use bibentry() instead.
Flavors: r-devel-linux-x86_64-debian-clang, r-devel-linux-x86_64-debian-gcc