Last updated on 2025-04-30 04:50:04 CEST.
Flavor | Version | Tinstall | Tcheck | Ttotal | Status | Flags |
---|---|---|---|---|---|---|
r-devel-linux-x86_64-debian-clang | 2.0.1 | 19.77 | 253.91 | 273.68 | NOTE | |
r-devel-linux-x86_64-debian-gcc | 2.0.1 | 14.38 | 171.87 | 186.25 | NOTE | |
r-devel-linux-x86_64-fedora-clang | 2.0.1 | 403.08 | OK | |||
r-devel-linux-x86_64-fedora-gcc | 2.0.1 | 406.16 | OK | |||
r-devel-windows-x86_64 | 2.0.1 | 22.00 | 221.00 | 243.00 | OK | |
r-patched-linux-x86_64 | 2.0.1 | 18.49 | 240.17 | 258.66 | OK | |
r-release-linux-x86_64 | 2.0.1 | 18.06 | 240.06 | 258.12 | OK | |
r-release-macos-arm64 | 2.0.1 | 113.00 | OK | |||
r-release-macos-x86_64 | 2.0.1 | 239.00 | OK | |||
r-release-windows-x86_64 | 2.0.1 | 22.00 | 223.00 | 245.00 | OK | |
r-oldrel-macos-arm64 | 2.0.1 | 112.00 | OK | |||
r-oldrel-macos-x86_64 | 2.0.1 | 258.00 | OK | |||
r-oldrel-windows-x86_64 | 2.0.1 | 28.00 | 302.00 | 330.00 | OK |
Version: 2.0.1
Check: examples
Result: NOTE
Examples with CPU (user + system) or elapsed time > 5s
user system elapsed
plot.fit_models 6.485 0.063 7.271
print.predict_and_plot 6.184 0.035 7.257
predict_and_plot 6.127 0.068 7.945
Flavor: r-devel-linux-x86_64-debian-clang
Version: 2.0.1
Check: examples
Result: NOTE
Examples with CPU (user + system) or elapsed time > 5s
user system elapsed
plot.fit_models 4.770 0.130 5.905
print.predict_and_plot 4.492 0.076 6.036
predict_and_plot 4.256 0.069 5.257
Flavor: r-devel-linux-x86_64-debian-gcc