Last updated on 2025-04-30 04:50:04 CEST.
Flavor | Version | Tinstall | Tcheck | Ttotal | Status | Flags |
---|---|---|---|---|---|---|
r-devel-linux-x86_64-debian-clang | 1.2.8 | 5.74 | 28.74 | 34.48 | NOTE | |
r-devel-linux-x86_64-debian-gcc | 1.2.8 | 4.62 | 21.74 | 26.36 | NOTE | |
r-devel-linux-x86_64-fedora-clang | 1.2.8 | 54.45 | OK | |||
r-devel-linux-x86_64-fedora-gcc | 1.2.8 | 53.88 | OK | |||
r-devel-windows-x86_64 | 1.2.8 | 11.00 | 54.00 | 65.00 | OK | |
r-patched-linux-x86_64 | 1.2.8 | 7.30 | 27.74 | 35.04 | OK | |
r-release-linux-x86_64 | 1.2.8 | 6.85 | 27.40 | 34.25 | OK | |
r-release-macos-arm64 | 1.2.8 | 25.00 | OK | |||
r-release-macos-x86_64 | 1.2.8 | 37.00 | OK | |||
r-release-windows-x86_64 | 1.2.8 | 11.00 | 55.00 | 66.00 | OK | |
r-oldrel-macos-arm64 | 1.2.8 | 20.00 | OK | |||
r-oldrel-macos-x86_64 | 1.2.8 | 31.00 | OK | |||
r-oldrel-windows-x86_64 | 1.2.8 | 13.00 | 56.00 | 69.00 | OK |
Version: 1.2.8
Check: CRAN incoming feasibility
Result: NOTE
Maintainer: ‘Andrea Rau <andrea.rau@inra.fr>’
No Authors@R field in DESCRIPTION.
Please add one, modifying
Authors@R: person(given = "Andrea",
family = "Rau",
role = c("aut", "cre"),
email = "andrea.rau@inra.fr")
as necessary.
Flavors: r-devel-linux-x86_64-debian-clang, r-devel-linux-x86_64-debian-gcc