CRAN Package Check Results for Package ebnm

Last updated on 2025-04-30 04:50:04 CEST.

Flavor Version Tinstall Tcheck Ttotal Status Flags
r-devel-linux-x86_64-debian-clang 1.1-2 13.85 141.30 155.15 NOTE
r-devel-linux-x86_64-debian-gcc 1.1-2 9.48 97.25 106.73 NOTE
r-devel-linux-x86_64-fedora-clang 1.1-2 231.27 OK
r-devel-linux-x86_64-fedora-gcc 1.1-2 237.62 OK
r-devel-windows-x86_64 1.1-2 14.00 158.00 172.00 OK
r-patched-linux-x86_64 1.1-2 13.89 131.78 145.67 OK
r-release-linux-x86_64 1.1-2 13.21 134.48 147.69 OK
r-release-macos-arm64 1.1-2 90.00 OK
r-release-macos-x86_64 1.1-2 150.00 OK
r-release-windows-x86_64 1.1-2 17.00 155.00 172.00 OK
r-oldrel-macos-arm64 1.1-2 66.00 OK
r-oldrel-macos-x86_64 1.1-2 122.00 OK
r-oldrel-windows-x86_64 1.1-2 18.00 190.00 208.00 OK

Check Details

Version: 1.1-2
Check: CRAN incoming feasibility
Result: NOTE Maintainer: ‘Peter Carbonetto <peter.carbonetto@gmail.com>’ The Description field contains Willwerscheid and Stephens (2021) <arXiv:2110.00152>. Please refer to arXiv e-prints via their arXiv DOI <doi:10.48550/arXiv.YYMM.NNNNN>. Flavors: r-devel-linux-x86_64-debian-clang, r-devel-linux-x86_64-debian-gcc