Last updated on 2025-04-30 04:50:04 CEST.
Flavor | Version | Tinstall | Tcheck | Ttotal | Status | Flags |
---|---|---|---|---|---|---|
r-devel-linux-x86_64-debian-clang | 4.0.1 | 3.37 | 32.03 | 35.40 | NOTE | |
r-devel-linux-x86_64-debian-gcc | 4.0.1 | 2.33 | 24.40 | 26.73 | NOTE | |
r-devel-linux-x86_64-fedora-clang | 4.0.1 | 55.91 | OK | |||
r-devel-linux-x86_64-fedora-gcc | 4.0.1 | 66.59 | OK | |||
r-devel-windows-x86_64 | 4.0.1 | 5.00 | 52.00 | 57.00 | OK | |
r-patched-linux-x86_64 | 4.0.1 | 2.95 | 30.21 | 33.16 | OK | |
r-release-linux-x86_64 | 4.0.1 | 2.92 | 30.40 | 33.32 | OK | |
r-release-macos-arm64 | 4.0.1 | 26.00 | OK | |||
r-release-macos-x86_64 | 4.0.1 | 50.00 | OK | |||
r-release-windows-x86_64 | 4.0.1 | 5.00 | 50.00 | 55.00 | OK | |
r-oldrel-macos-arm64 | 4.0.1 | 23.00 | OK | |||
r-oldrel-macos-x86_64 | 4.0.1 | 40.00 | OK | |||
r-oldrel-windows-x86_64 | 4.0.1 | 6.00 | 56.00 | 62.00 | OK |
Version: 4.0.1
Check: CRAN incoming feasibility
Result: NOTE
Maintainer: ‘Jennifer Hurley <hurlej2@rpi.edu>’
Package CITATION file contains call(s) to old-style personList() or
as.personList(). Please use c() on person objects instead.
Package CITATION file contains call(s) to old-style citEntry(). Please
use bibentry() instead.
Flavors: r-devel-linux-x86_64-debian-clang, r-devel-linux-x86_64-debian-gcc