Last updated on 2025-11-03 03:49:39 CET.
| Flavor | Version | Tinstall | Tcheck | Ttotal | Status | Flags |
|---|---|---|---|---|---|---|
| r-devel-linux-x86_64-debian-clang | 0.2.4 | 69.49 | 101.95 | 171.44 | OK | |
| r-devel-linux-x86_64-debian-gcc | 0.2.4 | 47.71 | 69.49 | 117.20 | OK | |
| r-devel-linux-x86_64-fedora-clang | 0.2.4 | 108.00 | 150.37 | 258.37 | OK | |
| r-devel-linux-x86_64-fedora-gcc | 0.2.4 | 170.00 | 122.23 | 292.23 | OK | |
| r-devel-windows-x86_64 | 0.2.4 | 71.00 | 136.00 | 207.00 | OK | |
| r-patched-linux-x86_64 | 0.2.4 | 72.20 | 92.87 | 165.07 | OK | |
| r-release-linux-x86_64 | 0.2.4 | 68.94 | 93.01 | 161.95 | OK | |
| r-release-macos-arm64 | 0.2.4 | 30.00 | 49.00 | 79.00 | OK | |
| r-release-macos-x86_64 | 0.2.5 | 70.00 | 125.00 | 195.00 | OK | |
| r-release-windows-x86_64 | 0.2.4 | 69.00 | 134.00 | 203.00 | OK | |
| r-oldrel-macos-arm64 | 0.2.4 | 39.00 | 46.00 | 85.00 | NOTE | |
| r-oldrel-macos-x86_64 | 0.2.5 | 72.00 | 132.00 | 204.00 | NOTE | |
| r-oldrel-windows-x86_64 | 0.2.5 | 56.00 | 124.00 | 180.00 | OK |
Version: 0.2.4
Check: installed package size
Result: NOTE
installed size is 13.5Mb
sub-directories of 1Mb or more:
doc 1.3Mb
libs 11.7Mb
Flavor: r-oldrel-macos-arm64
Version: 0.2.5
Check: installed package size
Result: NOTE
installed size is 12.8Mb
sub-directories of 1Mb or more:
doc 1.3Mb
libs 10.9Mb
Flavor: r-oldrel-macos-x86_64