CRAN Package Check Results for Package ecoCopula

Last updated on 2025-04-30 04:50:04 CEST.

Flavor Version Tinstall Tcheck Ttotal Status Flags
r-devel-linux-x86_64-debian-clang 1.0.2 9.89 262.04 271.93 NOTE
r-devel-linux-x86_64-debian-gcc 1.0.2 8.12 175.25 183.37 NOTE
r-devel-linux-x86_64-fedora-clang 1.0.2 438.18 OK
r-devel-linux-x86_64-fedora-gcc 1.0.2 444.86 OK
r-devel-windows-x86_64 1.0.2 12.00 245.00 257.00 NOTE
r-patched-linux-x86_64 1.0.2 9.72 256.45 266.17 NOTE
r-release-linux-x86_64 1.0.2 8.82 256.49 265.31 NOTE
r-release-macos-arm64 1.0.2 163.00 OK
r-release-macos-x86_64 1.0.2 247.00 OK
r-release-windows-x86_64 1.0.2 13.00 238.00 251.00 NOTE
r-oldrel-macos-arm64 1.0.2 111.00 OK
r-oldrel-macos-x86_64 1.0.2 186.00 OK
r-oldrel-windows-x86_64 1.0.2 15.00 338.00 353.00 OK

Check Details

Version: 1.0.2
Check: CRAN incoming feasibility
Result: NOTE Maintainer: ‘Gordana Popovic <g.popovic@unsw.edu.au>’ Package CITATION file contains call(s) to old-style personList() or as.personList(). Please use c() on person objects instead. Package CITATION file contains call(s) to old-style citEntry(). Please use bibentry() instead. Flavors: r-devel-linux-x86_64-debian-clang, r-devel-linux-x86_64-debian-gcc

Version: 1.0.2
Check: Rd cross-references
Result: NOTE Found the following Rd file(s) with Rd \link{} targets missing package anchors: cgr.Rd: glasso plot.cgr.Rd: gplot stackedsdm.Rd: mvabund Please provide package anchors for all Rd \link{} targets not in the package itself and the base packages. Flavors: r-devel-linux-x86_64-debian-clang, r-devel-linux-x86_64-debian-gcc, r-devel-windows-x86_64, r-patched-linux-x86_64, r-release-linux-x86_64, r-release-windows-x86_64

Version: 1.0.2
Check: examples
Result: NOTE Examples with CPU (user + system) or elapsed time > 5s user system elapsed cgr 4.441 0.024 5.035 Flavor: r-devel-linux-x86_64-debian-clang