CRAN Package Check Results for Package ecolMod

Last updated on 2025-04-30 04:50:04 CEST.

Flavor Version Tinstall Tcheck Ttotal Status Flags
r-devel-linux-x86_64-debian-clang 1.2.6.4 3.92 46.12 50.04 NOTE
r-devel-linux-x86_64-debian-gcc 1.2.6.4 2.71 34.05 36.76 NOTE
r-devel-linux-x86_64-fedora-clang 1.2.6.4 79.00 OK
r-devel-linux-x86_64-fedora-gcc 1.2.6.4 90.11 OK
r-devel-windows-x86_64 1.2.6.4 7.00 85.00 92.00 OK
r-patched-linux-x86_64 1.2.6.4 3.47 44.32 47.79 OK
r-release-linux-x86_64 1.2.6.4 3.13 44.19 47.32 OK
r-release-macos-arm64 1.2.6.4 34.00 OK
r-release-macos-x86_64 1.2.6.4 63.00 OK
r-release-windows-x86_64 1.2.6.4 8.00 83.00 91.00 OK
r-oldrel-macos-arm64 1.2.6.4 31.00 OK
r-oldrel-macos-x86_64 1.2.6.4 47.00 OK
r-oldrel-windows-x86_64 1.2.6.4 9.00 89.00 98.00 OK

Check Details

Version: 1.2.6.4
Check: CRAN incoming feasibility
Result: NOTE Maintainer: ‘Karline Soetaert <karline.soetaert@nioz.nl>’ No Authors@R field in DESCRIPTION. Please add one, modifying Authors@R: c(person(given = "Karline", family = "Soetaert", role = c("aut", "cre"), email = "karline.soetaert@nioz.nl"), person(given = c("Peter", "MJ"), family = "Herman", role = "aut", email = "peter.herman@nioz.nl")) as necessary. Flavors: r-devel-linux-x86_64-debian-clang, r-devel-linux-x86_64-debian-gcc