Last updated on 2025-04-30 04:50:04 CEST.
Flavor | Version | Tinstall | Tcheck | Ttotal | Status | Flags |
---|---|---|---|---|---|---|
r-devel-linux-x86_64-debian-clang | 4.1.2 | 11.93 | 172.59 | 184.52 | NOTE | |
r-devel-linux-x86_64-debian-gcc | 4.1.2 | 7.30 | 114.70 | 122.00 | NOTE | |
r-devel-linux-x86_64-fedora-clang | 4.1.2 | 289.76 | OK | |||
r-devel-linux-x86_64-fedora-gcc | 4.1.2 | 289.43 | OK | |||
r-devel-windows-x86_64 | 4.1.2 | 14.00 | 278.00 | 292.00 | OK | |
r-patched-linux-x86_64 | 4.1.2 | 13.66 | 164.64 | 178.30 | OK | |
r-release-linux-x86_64 | 4.1.2 | 9.29 | 164.02 | 173.31 | OK | |
r-release-macos-arm64 | 4.1.2 | 82.00 | OK | |||
r-release-macos-x86_64 | 4.1.2 | 163.00 | OK | |||
r-release-windows-x86_64 | 4.1.2 | 15.00 | 264.00 | 279.00 | OK | |
r-oldrel-macos-arm64 | 4.1.2 | 80.00 | OK | |||
r-oldrel-macos-x86_64 | 4.1.2 | 185.00 | OK | |||
r-oldrel-windows-x86_64 | 4.1.2 | 17.00 | 298.00 | 315.00 | OK |
Version: 4.1.2
Check: examples
Result: NOTE
Examples with CPU (user + system) or elapsed time > 5s
user system elapsed
ecospat.Epred 10.663 0.375 12.933
Flavor: r-devel-linux-x86_64-debian-clang
Version: 4.1.2
Check: examples
Result: NOTE
Examples with CPU (user + system) or elapsed time > 5s
user system elapsed
ecospat.Epred 5.758 0.278 6.931
Flavor: r-devel-linux-x86_64-debian-gcc