CRAN Package Check Results for Package ecostatscale

Last updated on 2025-02-22 05:51:34 CET.

Flavor Version Tinstall Tcheck Ttotal Status Flags
r-devel-linux-x86_64-debian-clang 1.1 1.50 25.93 27.43 OK
r-devel-linux-x86_64-debian-gcc 1.1 1.57 19.99 21.56 OK
r-devel-linux-x86_64-fedora-clang 1.1 44.03 NOTE
r-devel-linux-x86_64-fedora-gcc 1.1 42.11 NOTE
r-devel-macos-arm64 1.1 17.00 OK
r-devel-macos-x86_64 1.1 29.00 OK
r-devel-windows-x86_64 1.1 4.00 54.00 58.00 OK
r-patched-linux-x86_64 1.1 1.96 24.39 26.35 OK
r-release-linux-x86_64 1.1 1.56 24.45 26.01 OK
r-release-macos-arm64 1.1 16.00 OK
r-release-macos-x86_64 1.1 26.00 OK
r-release-windows-x86_64 1.1 4.00 49.00 53.00 OK
r-oldrel-macos-arm64 1.1 21.00 OK
r-oldrel-macos-x86_64 1.1 42.00 OK
r-oldrel-windows-x86_64 1.1 3.00 48.00 51.00 OK

Check Details

Version: 1.1
Check: dependencies in R code
Result: NOTE Namespace in Imports field not imported from: ‘graphics’ All declared Imports should be used. Flavors: r-devel-linux-x86_64-fedora-clang, r-devel-linux-x86_64-fedora-gcc