Last updated on 2025-04-30 04:50:04 CEST.
Flavor | Version | Tinstall | Tcheck | Ttotal | Status | Flags |
---|---|---|---|---|---|---|
r-devel-linux-x86_64-debian-clang | 1.1 | 1.86 | 26.08 | 27.94 | NOTE | |
r-devel-linux-x86_64-debian-gcc | 1.1 | 1.53 | 19.40 | 20.93 | OK | |
r-devel-linux-x86_64-fedora-clang | 1.1 | 43.39 | NOTE | |||
r-devel-linux-x86_64-fedora-gcc | 1.1 | 41.59 | NOTE | |||
r-devel-windows-x86_64 | 1.1 | 3.00 | 50.00 | 53.00 | OK | |
r-patched-linux-x86_64 | 1.1 | 2.06 | 24.94 | 27.00 | OK | |
r-release-linux-x86_64 | 1.1 | 1.84 | 25.14 | 26.98 | OK | |
r-release-macos-arm64 | 1.1 | 17.00 | OK | |||
r-release-macos-x86_64 | 1.1 | 28.00 | OK | |||
r-release-windows-x86_64 | 1.1 | 2.00 | 49.00 | 51.00 | OK | |
r-oldrel-macos-arm64 | 1.1 | 16.00 | OK | |||
r-oldrel-macos-x86_64 | 1.1 | 26.00 | OK | |||
r-oldrel-windows-x86_64 | 1.1 | 3.00 | 51.00 | 54.00 | OK |
Version: 1.1
Check: examples
Result: NOTE
Examples with CPU (user + system) or elapsed time > 5s
user system elapsed
symdynN 4.246 0 5.74
Flavor: r-devel-linux-x86_64-debian-clang
Version: 1.1
Check: dependencies in R code
Result: NOTE
Namespace in Imports field not imported from: ‘graphics’
All declared Imports should be used.
Flavors: r-devel-linux-x86_64-fedora-clang, r-devel-linux-x86_64-fedora-gcc