Last updated on 2025-04-30 04:50:04 CEST.
Flavor | Version | Tinstall | Tcheck | Ttotal | Status | Flags |
---|---|---|---|---|---|---|
r-devel-linux-x86_64-debian-clang | 2.1.1 | 22.94 | 191.59 | 214.53 | NOTE | |
r-devel-linux-x86_64-debian-gcc | 2.1.1 | 15.52 | 107.97 | 123.49 | NOTE | |
r-devel-linux-x86_64-fedora-clang | 2.1.1 | 275.20 | NOTE | |||
r-devel-linux-x86_64-fedora-gcc | 2.1.1 | 294.30 | NOTE | |||
r-devel-windows-x86_64 | 2.1.1 | 31.00 | 230.00 | 261.00 | NOTE | |
r-patched-linux-x86_64 | 2.1.1 | 20.93 | 168.93 | 189.86 | NOTE | |
r-release-linux-x86_64 | 2.1.1 | 19.11 | 163.64 | 182.75 | NOTE | |
r-release-macos-arm64 | 2.1.1 | 121.00 | NOTE | |||
r-release-macos-x86_64 | 2.1.1 | 409.00 | NOTE | |||
r-release-windows-x86_64 | 2.1.1 | 38.00 | 223.00 | 261.00 | NOTE | |
r-oldrel-macos-arm64 | 2.1.1 | 110.00 | NOTE | |||
r-oldrel-macos-x86_64 | 2.1.1 | 208.00 | NOTE | |||
r-oldrel-windows-x86_64 | 2.1.1 | 40.00 | 279.00 | 319.00 | NOTE |
Version: 2.1.1
Check: Rd files
Result: NOTE
checkRd: (-1) transformFitness.Rd:25: Lost braces; missing escapes or markup?
25 | minimization (most others). This function computes a factor from {-1, 1} for
| ^
Flavors: r-devel-linux-x86_64-debian-clang, r-devel-linux-x86_64-debian-gcc, r-devel-linux-x86_64-fedora-clang, r-devel-linux-x86_64-fedora-gcc, r-devel-windows-x86_64, r-patched-linux-x86_64, r-release-linux-x86_64, r-release-macos-arm64, r-release-macos-x86_64, r-release-windows-x86_64, r-oldrel-macos-arm64, r-oldrel-macos-x86_64, r-oldrel-windows-x86_64