Last updated on 2025-04-30 04:50:04 CEST.
Flavor | Version | Tinstall | Tcheck | Ttotal | Status | Flags |
---|---|---|---|---|---|---|
r-devel-linux-x86_64-debian-clang | 0.1.1 | 2.39 | 24.25 | 26.64 | NOTE | |
r-devel-linux-x86_64-debian-gcc | 0.1.1 | 1.94 | 18.67 | 20.61 | NOTE | |
r-devel-linux-x86_64-fedora-clang | 0.1.1 | 41.86 | OK | |||
r-devel-linux-x86_64-fedora-gcc | 0.1.1 | 38.87 | OK | |||
r-devel-windows-x86_64 | 0.1.1 | 3.00 | 49.00 | 52.00 | OK | |
r-patched-linux-x86_64 | 0.1.1 | 2.49 | 23.05 | 25.54 | OK | |
r-release-linux-x86_64 | 0.1.1 | 2.37 | 23.26 | 25.63 | OK | |
r-release-macos-arm64 | 0.1.1 | 18.00 | OK | |||
r-release-macos-x86_64 | 0.1.1 | 29.00 | OK | |||
r-release-windows-x86_64 | 0.1.1 | 4.00 | 48.00 | 52.00 | OK | |
r-oldrel-macos-arm64 | 0.1.1 | 16.00 | OK | |||
r-oldrel-macos-x86_64 | 0.1.1 | 23.00 | OK | |||
r-oldrel-windows-x86_64 | 0.1.1 | 4.00 | 52.00 | 56.00 | OK |
Version: 0.1.1
Check: CRAN incoming feasibility
Result: NOTE
Maintainer: ‘Yongbo Gan <yongbogan@whu.edu.cn>’
No Authors@R field in DESCRIPTION.
Please add one, modifying
Authors@R: c(person(given = "Yongbo",
family = "Gan",
role = c("aut", "cre"),
email = "yongbogan@whu.edu.cn"),
person(given = "Zhijian",
family = "Yang",
role = "aut"),
person(given = "Wei",
family = "Mei",
role = "aut"))
as necessary.
Flavors: r-devel-linux-x86_64-debian-clang, r-devel-linux-x86_64-debian-gcc