Last updated on 2025-04-30 04:50:04 CEST.
Flavor | Version | Tinstall | Tcheck | Ttotal | Status | Flags |
---|---|---|---|---|---|---|
r-devel-linux-x86_64-debian-clang | 1.1.0 | 14.84 | 186.75 | 201.59 | NOTE | |
r-devel-linux-x86_64-debian-gcc | 1.1.0 | 10.38 | 133.11 | 143.49 | NOTE | |
r-devel-linux-x86_64-fedora-clang | 1.1.0 | 303.99 | OK | |||
r-devel-linux-x86_64-fedora-gcc | 1.1.0 | 305.09 | OK | |||
r-devel-windows-x86_64 | 1.1.0 | 17.00 | 186.00 | 203.00 | OK | |
r-patched-linux-x86_64 | 1.1.0 | 15.42 | 191.43 | 206.85 | OK | |
r-release-linux-x86_64 | 1.1.0 | 11.97 | 189.50 | 201.47 | OK | |
r-release-macos-arm64 | 1.1.0 | 89.00 | OK | |||
r-release-macos-x86_64 | 1.1.0 | 180.00 | OK | |||
r-release-windows-x86_64 | 1.1.0 | 17.00 | 181.00 | 198.00 | OK | |
r-oldrel-macos-arm64 | 1.1.0 | 55.00 | OK | |||
r-oldrel-macos-x86_64 | 1.1.0 | 83.00 | OK | |||
r-oldrel-windows-x86_64 | 1.1.0 | 20.00 | 250.00 | 270.00 | OK |
Version: 1.1.0
Check: examples
Result: NOTE
Examples with CPU (user + system) or elapsed time > 5s
user system elapsed
Exam8.1.1 51.597 0.183 66.083
Exam6.2 6.714 0.054 9.252
Exam8.2 6.649 0.028 8.062
Flavor: r-devel-linux-x86_64-debian-clang
Version: 1.1.0
Check: examples
Result: NOTE
Examples with CPU (user + system) or elapsed time > 5s
user system elapsed
Exam8.1.1 36.621 0.195 48.925
Exam8.2 4.256 0.039 5.368
Flavor: r-devel-linux-x86_64-debian-gcc