CRAN Package Check Results for Package edecob

Last updated on 2025-04-30 04:50:04 CEST.

Flavor Version Tinstall Tcheck Ttotal Status Flags
r-devel-linux-x86_64-debian-clang 1.2.2 3.23 37.14 40.37 NOTE
r-devel-linux-x86_64-debian-gcc 1.2.2 2.41 26.37 28.78 NOTE
r-devel-linux-x86_64-fedora-clang 1.2.2 62.05 OK
r-devel-linux-x86_64-fedora-gcc 1.2.2 59.34 OK
r-devel-windows-x86_64 1.2.2 5.00 58.00 63.00 OK
r-patched-linux-x86_64 1.2.2 3.15 34.99 38.14 OK
r-release-linux-x86_64 1.2.2 3.43 34.86 38.29 OK
r-release-macos-arm64 1.2.2 29.00 OK
r-release-macos-x86_64 1.2.2 40.00 OK
r-release-windows-x86_64 1.2.2 6.00 55.00 61.00 OK
r-oldrel-macos-arm64 1.2.2 21.00 OK
r-oldrel-macos-x86_64 1.2.2 31.00 OK
r-oldrel-windows-x86_64 1.2.2 6.00 62.00 68.00 OK

Check Details

Version: 1.2.2
Check: examples
Result: NOTE Examples with CPU (user + system) or elapsed time > 5s user system elapsed edecob 8.368 0.251 11.584 Flavor: r-devel-linux-x86_64-debian-clang

Version: 1.2.2
Check: examples
Result: NOTE Examples with CPU (user + system) or elapsed time > 5s user system elapsed edecob 4.542 0.137 5.292 Flavor: r-devel-linux-x86_64-debian-gcc