Last updated on 2025-04-30 04:50:04 CEST.
Flavor | Version | Tinstall | Tcheck | Ttotal | Status | Flags |
---|---|---|---|---|---|---|
r-devel-linux-x86_64-debian-clang | 0.1.0 | 11.54 | 94.81 | 106.35 | NOTE | |
r-devel-linux-x86_64-debian-gcc | 0.1.0 | 8.23 | 64.76 | 72.99 | NOTE | |
r-devel-linux-x86_64-fedora-clang | 0.1.0 | 154.11 | OK | |||
r-devel-linux-x86_64-fedora-gcc | 0.1.0 | 141.33 | OK | |||
r-devel-windows-x86_64 | 0.1.0 | 12.00 | 98.00 | 110.00 | OK | |
r-patched-linux-x86_64 | 0.1.0 | 11.57 | 88.85 | 100.42 | OK | |
r-release-linux-x86_64 | 0.1.0 | 11.46 | 86.27 | 97.73 | OK | |
r-release-macos-arm64 | 0.1.0 | 43.00 | OK | |||
r-release-macos-x86_64 | 0.1.0 | 148.00 | OK | |||
r-release-windows-x86_64 | 0.1.0 | 15.00 | 98.00 | 113.00 | OK | |
r-oldrel-macos-arm64 | 0.1.0 | 44.00 | OK | |||
r-oldrel-macos-x86_64 | 0.1.0 | 74.00 | OK | |||
r-oldrel-windows-x86_64 | 0.1.0 | 16.00 | 119.00 | 135.00 | OK |
Version: 0.1.0
Check: CRAN incoming feasibility
Result: NOTE
Maintainer: ‘Vanesa Jorda <jordav@unican.es>’
Found the following (possibly) invalid file URIs:
URI: www.educationdata.unican.es
From: man/ineq_female15a.Rd
URI: www.educationdata.unican.es
From: man/ineq_female25a.Rd
URI: www.educationdata.unican.es
From: man/ineq_male15a.Rd
URI: www.educationdata.unican.es
From: man/ineq_male25a.Rd
URI: www.educationdata.unican.es
From: man/ineq_total15a.Rd
URI: www.educationdata.unican.es
From: man/ineq_total25a.Rd
Flavors: r-devel-linux-x86_64-debian-clang, r-devel-linux-x86_64-debian-gcc