Last updated on 2025-04-30 04:50:04 CEST.
Flavor | Version | Tinstall | Tcheck | Ttotal | Status | Flags |
---|---|---|---|---|---|---|
r-devel-linux-x86_64-debian-clang | 0.1-3 | 10.29 | 88.45 | 98.74 | NOTE | |
r-devel-linux-x86_64-debian-gcc | 0.1-3 | 7.49 | 66.27 | 73.76 | NOTE | |
r-devel-linux-x86_64-fedora-clang | 0.1-3 | 156.82 | OK | |||
r-devel-linux-x86_64-fedora-gcc | 0.1-3 | 170.55 | OK | |||
r-devel-windows-x86_64 | 0.1-3 | 16.00 | 136.00 | 152.00 | OK | |
r-patched-linux-x86_64 | 0.1-3 | 10.00 | 84.24 | 94.24 | OK | |
r-release-linux-x86_64 | 0.1-3 | 8.04 | 85.82 | 93.86 | OK | |
r-release-macos-arm64 | 0.1-3 | 70.00 | OK | |||
r-release-macos-x86_64 | 0.1-3 | 138.00 | OK | |||
r-release-windows-x86_64 | 0.1-3 | 17.00 | 133.00 | 150.00 | OK | |
r-oldrel-macos-arm64 | 0.1-3 | 56.00 | OK | |||
r-oldrel-macos-x86_64 | 0.1-3 | 119.00 | OK | |||
r-oldrel-windows-x86_64 | 0.1-3 | 18.00 | 146.00 | 164.00 | OK |
Version: 0.1-3
Check: examples
Result: NOTE
Examples with CPU (user + system) or elapsed time > 5s
user system elapsed
crossval 9.003 0.016 11.651
fitted.eglhmm 6.622 0.008 8.411
reglhmm 5.532 0.000 6.101
plot.eglhmm 5.486 0.000 6.926
anova.eglhmm 5.240 0.098 7.253
reorder.eglhmm 5.255 0.004 6.099
Flavor: r-devel-linux-x86_64-debian-clang
Version: 0.1-3
Check: examples
Result: NOTE
Examples with CPU (user + system) or elapsed time > 5s
user system elapsed
fitted.eglhmm 6.269 0.007 8.075
crossval 5.776 0.019 7.157
plot.eglhmm 4.762 0.016 6.225
reorder.eglhmm 4.689 0.000 5.680
Flavor: r-devel-linux-x86_64-debian-gcc