Last updated on 2025-04-30 04:50:04 CEST.
Flavor | Version | Tinstall | Tcheck | Ttotal | Status | Flags |
---|---|---|---|---|---|---|
r-devel-linux-x86_64-debian-clang | 0.1.1 | 1.93 | 70.60 | 72.53 | NOTE | |
r-devel-linux-x86_64-debian-gcc | 0.1.1 | 2.12 | 49.66 | 51.78 | OK | |
r-devel-linux-x86_64-fedora-clang | 0.1.1 | 115.44 | OK | |||
r-devel-linux-x86_64-fedora-gcc | 0.1.1 | 127.61 | OK | |||
r-devel-windows-x86_64 | 0.1.1 | 5.00 | 87.00 | 92.00 | OK | |
r-patched-linux-x86_64 | 0.1.1 | 3.01 | 64.72 | 67.73 | OK | |
r-release-linux-x86_64 | 0.1.1 | 2.40 | 65.80 | 68.20 | OK | |
r-release-macos-arm64 | 0.1.1 | 49.00 | OK | |||
r-release-macos-x86_64 | 0.1.1 | 92.00 | OK | |||
r-release-windows-x86_64 | 0.1.1 | 4.00 | 86.00 | 90.00 | OK | |
r-oldrel-macos-arm64 | 0.1.1 | 46.00 | OK | |||
r-oldrel-macos-x86_64 | 0.1.1 | 77.00 | OK | |||
r-oldrel-windows-x86_64 | 0.1.1 | 5.00 | 104.00 | 109.00 | OK |
Version: 0.1.1
Check: examples
Result: NOTE
Examples with CPU (user + system) or elapsed time > 5s
user system elapsed
EHyClus 5.615 0.124 7.229
Flavor: r-devel-linux-x86_64-debian-clang