Last updated on 2025-04-30 04:50:04 CEST.
Flavor | Version | Tinstall | Tcheck | Ttotal | Status | Flags |
---|---|---|---|---|---|---|
r-devel-linux-x86_64-debian-clang | 0.0.1-3 | 5.14 | 33.50 | 38.64 | NOTE | |
r-devel-linux-x86_64-debian-gcc | 0.0.1-3 | 3.53 | 24.70 | 28.23 | NOTE | |
r-devel-linux-x86_64-fedora-clang | 0.0.1-3 | 60.15 | OK | |||
r-devel-linux-x86_64-fedora-gcc | 0.0.1-3 | 58.24 | OK | |||
r-devel-windows-x86_64 | 0.0.1-3 | 7.00 | 54.00 | 61.00 | OK | |
r-patched-linux-x86_64 | 0.0.1-3 | 4.45 | 31.73 | 36.18 | OK | |
r-release-linux-x86_64 | 0.0.1-3 | 4.65 | 31.67 | 36.32 | OK | |
r-release-macos-arm64 | 0.0.1-3 | 26.00 | OK | |||
r-release-macos-x86_64 | 0.0.1-3 | 41.00 | OK | |||
r-release-windows-x86_64 | 0.0.1-3 | 6.00 | 52.00 | 58.00 | OK | |
r-oldrel-macos-arm64 | 0.0.1-3 | 23.00 | OK | |||
r-oldrel-macos-x86_64 | 0.0.1-3 | 33.00 | OK | |||
r-oldrel-windows-x86_64 | 0.0.1-3 | 7.00 | 59.00 | 66.00 | OK |
Version: 0.0.1-3
Check: CRAN incoming feasibility
Result: NOTE
Maintainer: ‘Jose M. Pavía <jose.m.pavia@uv.es>’
Package CITATION file contains call(s) to old-style personList() or
as.personList(). Please use c() on person objects instead.
Package CITATION file contains call(s) to old-style citEntry(). Please
use bibentry() instead.
Flavors: r-devel-linux-x86_64-debian-clang, r-devel-linux-x86_64-debian-gcc