Last updated on 2025-04-30 04:50:04 CEST.
Flavor | Version | Tinstall | Tcheck | Ttotal | Status | Flags |
---|---|---|---|---|---|---|
r-devel-linux-x86_64-debian-clang | 1.3-3 | 12.68 | 124.54 | 137.22 | NOTE | |
r-devel-linux-x86_64-debian-gcc | 1.3-3 | 10.48 | 84.07 | 94.55 | NOTE | |
r-devel-linux-x86_64-fedora-clang | 1.3-3 | 216.49 | OK | |||
r-devel-linux-x86_64-fedora-gcc | 1.3-3 | 223.14 | OK | |||
r-devel-windows-x86_64 | 1.3-3 | 14.00 | 130.00 | 144.00 | OK | |
r-patched-linux-x86_64 | 1.3-3 | 14.95 | 114.95 | 129.90 | OK | |
r-release-linux-x86_64 | 1.3-3 | 13.35 | 117.17 | 130.52 | OK | |
r-release-macos-arm64 | 1.3-3 | 82.00 | OK | |||
r-release-macos-x86_64 | 1.3-3 | 123.00 | OK | |||
r-release-windows-x86_64 | 1.3-3 | 15.00 | 132.00 | 147.00 | OK | |
r-oldrel-macos-arm64 | 1.3-3 | 54.00 | OK | |||
r-oldrel-macos-x86_64 | 1.3-3 | 90.00 | OK | |||
r-oldrel-windows-x86_64 | 1.3-3 | 17.00 | 158.00 | 175.00 | OK |
Version: 1.3-3
Check: CRAN incoming feasibility
Result: NOTE
Maintainer: ‘James Honaker <zelig.zee@gmail.com>’
No Authors@R field in DESCRIPTION.
Please add one, modifying
Authors@R: c(person(given = "Gary",
family = "King",
role = "aut",
email = "king@harvard.edu"),
person(given = "Molly",
family = "Roberts",
role = "aut",
email = "molly.e.roberts@gmail.com"),
person(given = "James",
family = "Honaker",
role = "cre",
email = "zelig.zee@gmail.com"))
as necessary.
Flavors: r-devel-linux-x86_64-debian-clang, r-devel-linux-x86_64-debian-gcc
Version: 1.3-3
Check: examples
Result: NOTE
Examples with CPU (user + system) or elapsed time > 5s
user system elapsed
ei 5.437 0.209 7.171
plot.ei 5.453 0.172 6.673
eiread 5.127 0.008 6.669
summary.ei 4.856 0.025 6.631
Flavor: r-devel-linux-x86_64-debian-clang