Last updated on 2025-04-30 04:50:04 CEST.
Flavor | Version | Tinstall | Tcheck | Ttotal | Status | Flags |
---|---|---|---|---|---|---|
r-devel-linux-x86_64-debian-clang | 0.4.2 | 4.30 | 43.61 | 47.91 | NOTE | |
r-devel-linux-x86_64-debian-gcc | 0.4.2 | 2.69 | 32.91 | 35.60 | NOTE | |
r-devel-linux-x86_64-fedora-clang | 0.4.2 | 74.38 | NOTE | |||
r-devel-linux-x86_64-fedora-gcc | 0.4.2 | 84.81 | NOTE | |||
r-devel-windows-x86_64 | 0.4.2 | 6.00 | 65.00 | 71.00 | NOTE | |
r-patched-linux-x86_64 | 0.4.2 | 4.12 | 40.47 | 44.59 | NOTE | |
r-release-linux-x86_64 | 0.4.2 | 4.26 | 40.27 | 44.53 | NOTE | |
r-release-macos-arm64 | 0.4.2 | 37.00 | NOTE | |||
r-release-macos-x86_64 | 0.4.2 | 63.00 | NOTE | |||
r-release-windows-x86_64 | 0.4.2 | 6.00 | 62.00 | 68.00 | NOTE | |
r-oldrel-macos-arm64 | 0.4.2 | 34.00 | OK | |||
r-oldrel-macos-x86_64 | 0.4.2 | 46.00 | OK | |||
r-oldrel-windows-x86_64 | 0.4.2 | 6.00 | 70.00 | 76.00 | OK |
Version: 0.4.2
Check: DESCRIPTION meta-information
Result: NOTE
Missing dependency on R >= 4.1.0 because package code uses the pipe
|> or function shorthand \(...) syntax added in R 4.1.0.
File(s) using such syntax:
‘directory.R’ ‘facets.R’ ‘metadata.R’
Flavors: r-devel-linux-x86_64-debian-clang, r-devel-linux-x86_64-debian-gcc, r-devel-linux-x86_64-fedora-clang, r-devel-linux-x86_64-fedora-gcc, r-devel-windows-x86_64, r-patched-linux-x86_64, r-release-linux-x86_64, r-release-macos-arm64, r-release-macos-x86_64, r-release-windows-x86_64