Last updated on 2025-04-30 04:50:04 CEST.
Flavor | Version | Tinstall | Tcheck | Ttotal | Status | Flags |
---|---|---|---|---|---|---|
r-devel-linux-x86_64-debian-clang | 0.1.1 | 3.23 | 58.54 | 61.77 | NOTE | |
r-devel-linux-x86_64-debian-gcc | 0.1.1 | 2.39 | 45.44 | 47.83 | NOTE | |
r-devel-linux-x86_64-fedora-clang | 0.1.1 | 91.75 | OK | |||
r-devel-linux-x86_64-fedora-gcc | 0.1.1 | 101.86 | OK | |||
r-devel-windows-x86_64 | 0.1.1 | 5.00 | 73.00 | 78.00 | OK | |
r-patched-linux-x86_64 | 0.1.1 | 3.33 | 57.42 | 60.75 | OK | |
r-release-linux-x86_64 | 0.1.1 | 2.74 | 56.78 | 59.52 | OK | |
r-release-macos-arm64 | 0.1.1 | 57.00 | OK | |||
r-release-macos-x86_64 | 0.1.1 | 90.00 | OK | |||
r-release-windows-x86_64 | 0.1.1 | 5.00 | 74.00 | 79.00 | OK | |
r-oldrel-macos-arm64 | 0.1.1 | 36.00 | OK | |||
r-oldrel-macos-x86_64 | 0.1.1 | 79.00 | OK | |||
r-oldrel-windows-x86_64 | 0.1.1 | 5.00 | 81.00 | 86.00 | OK |
Version: 0.1.1
Check: CRAN incoming feasibility
Result: NOTE
Maintainer: ‘Wayne Oldford <rwoldford@uwaterloo.ca>’
Found the following (possibly) invalid file URI:
URI: introduction.html
From: inst/doc/IndependenceExploration.html
Flavors: r-devel-linux-x86_64-debian-clang, r-devel-linux-x86_64-debian-gcc