Last updated on 2025-04-30 04:50:04 CEST.
Flavor | Version | Tinstall | Tcheck | Ttotal | Status | Flags |
---|---|---|---|---|---|---|
r-devel-linux-x86_64-debian-clang | 0.1.2 | 10.66 | 92.06 | 102.72 | NOTE | |
r-devel-linux-x86_64-debian-gcc | 0.1.2 | 8.43 | 68.43 | 76.86 | OK | |
r-devel-linux-x86_64-fedora-clang | 0.1.2 | 186.89 | NOTE | |||
r-devel-linux-x86_64-fedora-gcc | 0.1.2 | 183.31 | NOTE | |||
r-devel-windows-x86_64 | 0.1.2 | 14.00 | 165.00 | 179.00 | OK | |
r-patched-linux-x86_64 | 0.1.2 | 10.87 | 91.43 | 102.30 | OK | |
r-release-linux-x86_64 | 0.1.2 | 11.46 | 91.54 | 103.00 | OK | |
r-release-macos-arm64 | 0.1.2 | 59.00 | OK | |||
r-release-macos-x86_64 | 0.1.2 | 120.00 | OK | |||
r-release-windows-x86_64 | 0.1.2 | 15.00 | 171.00 | 186.00 | OK | |
r-oldrel-macos-arm64 | 0.1.2 | 64.00 | OK | |||
r-oldrel-macos-x86_64 | 0.1.2 | 121.00 | OK | |||
r-oldrel-windows-x86_64 | 0.1.2 | 14.00 | 176.00 | 190.00 | OK |
Version: 0.1.2
Check: examples
Result: NOTE
Examples with CPU (user + system) or elapsed time > 5s
user system elapsed
einsum 5.316 0.279 7.388
Flavor: r-devel-linux-x86_64-debian-clang
Version: 0.1.2
Check: dependencies in R code
Result: NOTE
Namespace in Imports field not imported from: ‘mathjaxr’
All declared Imports should be used.
Flavors: r-devel-linux-x86_64-fedora-clang, r-devel-linux-x86_64-fedora-gcc