Last updated on 2025-04-30 04:50:04 CEST.
Flavor | Version | Tinstall | Tcheck | Ttotal | Status | Flags |
---|---|---|---|---|---|---|
r-devel-linux-x86_64-debian-clang | 0.5 | 12.73 | 114.35 | 127.08 | NOTE | |
r-devel-linux-x86_64-debian-gcc | 0.5 | 8.46 | 80.57 | 89.03 | NOTE | |
r-devel-linux-x86_64-fedora-clang | 0.5 | 190.16 | OK | |||
r-devel-linux-x86_64-fedora-gcc | 0.5 | 199.19 | OK | |||
r-devel-windows-x86_64 | 0.5 | 14.00 | 123.00 | 137.00 | OK | |
r-patched-linux-x86_64 | 0.5 | 9.85 | 108.04 | 117.89 | OK | |
r-release-linux-x86_64 | 0.5 | 10.95 | 109.13 | 120.08 | OK | |
r-release-macos-arm64 | 0.5 | 76.00 | OK | |||
r-release-macos-x86_64 | 0.5 | 123.00 | OK | |||
r-release-windows-x86_64 | 0.5 | 14.00 | 121.00 | 135.00 | OK | |
r-oldrel-macos-arm64 | 0.5 | 60.00 | OK | |||
r-oldrel-macos-x86_64 | 0.5 | 85.00 | OK | |||
r-oldrel-windows-x86_64 | 0.5 | 16.00 | 154.00 | 170.00 | OK |
Version: 0.5
Check: CRAN incoming feasibility
Result: NOTE
Maintainer: ‘Okan Bulut <bulut@ualberta.ca>’
Package CITATION file contains call(s) to old-style personList() or
as.personList(). Please use c() on person objects instead.
Package CITATION file contains call(s) to old-style citEntry(). Please
use bibentry() instead.
Flavors: r-devel-linux-x86_64-debian-clang, r-devel-linux-x86_64-debian-gcc
Version: 0.5
Check: examples
Result: NOTE
Examples with CPU (user + system) or elapsed time > 5s
user system elapsed
marginalplot 4.476 0.086 5.244
Flavor: r-devel-linux-x86_64-debian-clang