Last updated on 2025-04-30 04:50:04 CEST.
Flavor | Version | Tinstall | Tcheck | Ttotal | Status | Flags |
---|---|---|---|---|---|---|
r-devel-linux-x86_64-debian-clang | 3.1.3 | 10.37 | 25.02 | 35.39 | NOTE | |
r-devel-linux-x86_64-debian-gcc | 3.1.3 | 7.53 | 19.86 | 27.39 | NOTE | |
r-devel-linux-x86_64-fedora-clang | 3.1.3 | 58.81 | OK | |||
r-devel-linux-x86_64-fedora-gcc | 3.1.3 | 55.80 | OK | |||
r-devel-windows-x86_64 | 3.1.3 | 14.00 | 66.00 | 80.00 | OK | |
r-patched-linux-x86_64 | 3.1.3 | 10.70 | 22.86 | 33.56 | OK | |
r-release-linux-x86_64 | 3.1.3 | 9.73 | 23.11 | 32.84 | OK | |
r-release-macos-arm64 | 3.1.3 | 26.00 | OK | |||
r-release-macos-x86_64 | 3.1.3 | 37.00 | OK | |||
r-release-windows-x86_64 | 3.1.3 | 14.00 | 62.00 | 76.00 | OK | |
r-oldrel-macos-arm64 | 3.1.3 | 24.00 | OK | |||
r-oldrel-macos-x86_64 | 3.1.3 | 33.00 | OK | |||
r-oldrel-windows-x86_64 | 3.1.3 | 13.00 | 68.00 | 81.00 | OK |
Version: 3.1.3
Check: CRAN incoming feasibility
Result: NOTE
Maintainer: ‘Mehmet Hakan Satman <mhsatman@istanbul.edu.tr>’
No Authors@R field in DESCRIPTION.
Please add one, modifying
Authors@R: c(person(given = c("Mehmet", "Hakan"),
family = "Satman",
role = c("aut", "cre"),
email = "mhsatman@istanbul.edu.tr",
comment = "Ph.D."),
person(given = "Erkin",
family = "Diyarbakirlioglu",
role = "aut",
comment = "Ph.D."))
as necessary.
Flavors: r-devel-linux-x86_64-debian-clang, r-devel-linux-x86_64-debian-gcc