Last updated on 2025-04-30 04:50:04 CEST.
Flavor | Version | Tinstall | Tcheck | Ttotal | Status | Flags |
---|---|---|---|---|---|---|
r-devel-linux-x86_64-debian-clang | 0.6.2 | 35.69 | 311.55 | 347.24 | NOTE | |
r-devel-linux-x86_64-debian-gcc | 0.6.2 | 21.47 | 198.72 | 220.19 | OK | |
r-devel-linux-x86_64-fedora-clang | 0.6.2 | 554.48 | OK | |||
r-devel-linux-x86_64-fedora-gcc | 0.6.2 | 521.27 | OK | |||
r-devel-windows-x86_64 | 0.6.2 | 30.00 | 269.00 | 299.00 | OK | |
r-patched-linux-x86_64 | 0.6.2 | 28.97 | 290.61 | 319.58 | OK | |
r-release-linux-x86_64 | 0.6.2 | 30.99 | 290.79 | 321.78 | OK | |
r-release-macos-arm64 | 0.6.2 | 128.00 | OK | |||
r-release-macos-x86_64 | 0.6.2 | 291.00 | OK | |||
r-release-windows-x86_64 | 0.6.2 | 31.00 | 260.00 | 291.00 | OK | |
r-oldrel-macos-arm64 | 0.6.2 | 120.00 | OK | |||
r-oldrel-macos-x86_64 | 0.6.2 | 238.00 | OK | |||
r-oldrel-windows-x86_64 | 0.6.2 | 39.00 | 349.00 | 388.00 | OK |
Version: 0.6.2
Check: examples
Result: NOTE
Examples with CPU (user + system) or elapsed time > 5s
user system elapsed
to_rline 7.278 0.185 8.948
Flavor: r-devel-linux-x86_64-debian-clang