CRAN Package Check Results for Package elasdics

Last updated on 2025-04-30 04:50:04 CEST.

Flavor Version Tinstall Tcheck Ttotal Status Flags
r-devel-linux-x86_64-debian-clang 1.1.3 3.03 54.76 57.79 NOTE
r-devel-linux-x86_64-debian-gcc 1.1.3 2.61 34.13 36.74 NOTE
r-devel-linux-x86_64-fedora-clang 1.1.3 91.17 OK
r-devel-linux-x86_64-fedora-gcc 1.1.3 86.82 OK
r-devel-windows-x86_64 1.1.3 4.00 70.00 74.00 OK
r-patched-linux-x86_64 1.1.3 3.17 51.33 54.50 OK
r-release-linux-x86_64 1.1.3 3.50 51.80 55.30 OK
r-release-macos-arm64 1.1.3 28.00 OK
r-release-macos-x86_64 1.1.3 52.00 OK
r-release-windows-x86_64 1.1.3 6.00 68.00 74.00 OK
r-oldrel-macos-arm64 1.1.3 28.00 OK
r-oldrel-macos-x86_64 1.1.3 51.00 OK
r-oldrel-windows-x86_64 1.1.3 5.00 81.00 86.00 OK

Check Details

Version: 1.1.3
Check: CRAN incoming feasibility
Result: NOTE Maintainer: ‘Lisa Steyer <lisa.steyer@hu-berlin.de>’ No Authors@R field in DESCRIPTION. Please add one, modifying Authors@R: person(given = "Lisa", family = "Steyer", role = c("aut", "cre"), email = "lisa.steyer@hu-berlin.de") as necessary. The Description field contains <doi:10.1111/biom.13706>) and Steyer et al. (2023, <arXiv:2305.02075>). Please refer to arXiv e-prints via their arXiv DOI <doi:10.48550/arXiv.YYMM.NNNNN>. Flavors: r-devel-linux-x86_64-debian-clang, r-devel-linux-x86_64-debian-gcc

Version: 1.1.3
Check: examples
Result: NOTE Examples with CPU (user + system) or elapsed time > 5s user system elapsed fit_elastic_regression 7.757 0.006 9.648 Flavor: r-devel-linux-x86_64-debian-clang

Version: 1.1.3
Check: examples
Result: NOTE Examples with CPU (user + system) or elapsed time > 5s user system elapsed fit_elastic_regression 3.821 0.008 5.173 Flavor: r-devel-linux-x86_64-debian-gcc