CRAN Package Check Results for Package elliplot

Last updated on 2025-04-30 04:50:04 CEST.

Flavor Version Tinstall Tcheck Ttotal Status Flags
r-devel-linux-x86_64-debian-clang 1.3.0 1.85 21.17 23.02 NOTE
r-devel-linux-x86_64-debian-gcc 1.3.0 1.48 17.33 18.81 NOTE
r-devel-linux-x86_64-fedora-clang 1.3.0 36.31 OK
r-devel-linux-x86_64-fedora-gcc 1.3.0 34.60 OK
r-devel-windows-x86_64 1.3.0 4.00 48.00 52.00 OK
r-patched-linux-x86_64 1.3.0 1.89 20.90 22.79 OK
r-release-linux-x86_64 1.3.0 1.70 20.60 22.30 OK
r-release-macos-arm64 1.3.0 18.00 OK
r-release-macos-x86_64 1.3.0 29.00 OK
r-release-windows-x86_64 1.3.0 4.00 52.00 56.00 OK
r-oldrel-macos-arm64 1.3.0 17.00 OK
r-oldrel-macos-x86_64 1.3.0 29.00 OK
r-oldrel-windows-x86_64 1.3.0 3.00 48.00 51.00 OK

Check Details

Version: 1.3.0
Check: CRAN incoming feasibility
Result: NOTE Maintainer: ‘Shinichiro Tomizono <cowares@gmail.com>’ No Authors@R field in DESCRIPTION. Please add one, modifying Authors@R: person(given = "Shinichiro", family = "Tomizono", role = c("aut", "cre"), email = "cowares@gmail.com") as necessary. Flavors: r-devel-linux-x86_64-debian-clang, r-devel-linux-x86_64-debian-gcc