Last updated on 2025-04-30 04:50:04 CEST.
Flavor | Version | Tinstall | Tcheck | Ttotal | Status | Flags |
---|---|---|---|---|---|---|
r-devel-linux-x86_64-debian-clang | 0.1.2 | 3.62 | 29.60 | 33.22 | NOTE | |
r-devel-linux-x86_64-debian-gcc | 0.1.2 | 2.28 | 22.24 | 24.52 | NOTE | |
r-devel-linux-x86_64-fedora-clang | 0.1.2 | 51.64 | NOTE | |||
r-devel-linux-x86_64-fedora-gcc | 0.1.2 | 48.69 | NOTE | |||
r-devel-windows-x86_64 | 0.1.2 | 5.00 | 53.00 | 58.00 | OK | |
r-patched-linux-x86_64 | 0.1.2 | 3.51 | 27.54 | 31.05 | OK | |
r-release-linux-x86_64 | 0.1.2 | 2.57 | 27.64 | 30.21 | OK | |
r-release-macos-arm64 | 0.1.2 | 24.00 | OK | |||
r-release-macos-x86_64 | 0.1.2 | 35.00 | OK | |||
r-release-windows-x86_64 | 0.1.2 | 6.00 | 52.00 | 58.00 | OK | |
r-oldrel-macos-arm64 | 0.1.2 | 22.00 | OK | |||
r-oldrel-macos-x86_64 | 0.1.2 | 29.00 | OK | |||
r-oldrel-windows-x86_64 | 0.1.2 | 6.00 | 56.00 | 62.00 | OK |
Version: 0.1.2
Check: CRAN incoming feasibility
Result: NOTE
Maintainer: ‘Marko Palangetic <marko.palangetic@ugent.be>’
The Description field contains
et al. (2021) <arXiv:2011.12560v2>.
Please refer to arXiv e-prints via their arXiv DOI <doi:10.48550/arXiv.YYMM.NNNNN>.
Flavors: r-devel-linux-x86_64-debian-clang, r-devel-linux-x86_64-debian-gcc
Version: 0.1.2
Check: dependencies in R code
Result: NOTE
Namespace in Imports field not imported from: ‘datasets’
All declared Imports should be used.
Flavors: r-devel-linux-x86_64-fedora-clang, r-devel-linux-x86_64-fedora-gcc