Last updated on 2025-04-30 04:50:04 CEST.
Flavor | Version | Tinstall | Tcheck | Ttotal | Status | Flags |
---|---|---|---|---|---|---|
r-devel-linux-x86_64-debian-clang | 1.2.6 | 8.18 | 40.55 | 48.73 | NOTE | |
r-devel-linux-x86_64-debian-gcc | 1.2.6 | 5.47 | 32.02 | 37.49 | OK | |
r-devel-linux-x86_64-fedora-clang | 1.2.6 | 88.15 | OK | |||
r-devel-linux-x86_64-fedora-gcc | 1.2.6 | 90.92 | OK | |||
r-devel-windows-x86_64 | 1.2.6 | 13.00 | 115.00 | 128.00 | OK | |
r-patched-linux-x86_64 | 1.2.6 | 8.30 | 39.17 | 47.47 | OK | |
r-release-linux-x86_64 | 1.2.6 | 7.59 | 38.87 | 46.46 | OK | |
r-release-macos-arm64 | 1.2.6 | 54.00 | OK | |||
r-release-macos-x86_64 | 1.2.6 | 80.00 | OK | |||
r-release-windows-x86_64 | 1.2.6 | 10.00 | 110.00 | 120.00 | OK | |
r-oldrel-macos-arm64 | 1.2.6 | 60.00 | OK | |||
r-oldrel-macos-x86_64 | 1.2.6 | 104.00 | OK | |||
r-oldrel-windows-x86_64 | 1.2.6 | 11.00 | 114.00 | 125.00 | OK |
Version: 1.2.6
Check: examples
Result: NOTE
Examples with CPU (user + system) or elapsed time > 5s
user system elapsed
summary.elrm 1.939 0.054 5.239
Flavor: r-devel-linux-x86_64-debian-clang