CRAN Package Check Results for Package elsa

Last updated on 2025-04-30 04:50:04 CEST.

Flavor Version Tinstall Tcheck Ttotal Status Flags
r-devel-linux-x86_64-debian-clang 1.1-28 34.26 262.33 296.59 OK
r-devel-linux-x86_64-debian-gcc 1.1-28 24.35 164.38 188.73 OK
r-devel-linux-x86_64-fedora-clang 1.1-28 481.48 NOTE
r-devel-linux-x86_64-fedora-gcc 1.1-28 463.80 NOTE
r-devel-windows-x86_64 1.1-28 40.00 217.00 257.00 OK
r-patched-linux-x86_64 1.1-28 37.64 251.04 288.68 OK
r-release-linux-x86_64 1.1-28 36.04 245.16 281.20 OK
r-release-macos-arm64 1.1-28 124.00 OK
r-release-macos-x86_64 1.1-28 292.00 OK
r-release-windows-x86_64 1.1-28 40.00 211.00 251.00 OK
r-oldrel-macos-arm64 1.1-28 101.00 OK
r-oldrel-macos-x86_64 1.1-28 184.00 OK
r-oldrel-windows-x86_64 1.1-28 50.00 281.00 331.00 OK

Check Details

Version: 1.1-28
Check: compiled code
Result: NOTE File ‘elsa/libs/elsa.so’: Found no calls to: ‘R_registerRoutines’, ‘R_useDynamicSymbols’ It is good practice to register native routines and to disable symbol search. See ‘Writing portable packages’ in the ‘Writing R Extensions’ manual. Flavors: r-devel-linux-x86_64-fedora-clang, r-devel-linux-x86_64-fedora-gcc