Last updated on 2025-11-04 03:50:49 CET.
| Flavor | Version | Tinstall | Tcheck | Ttotal | Status | Flags | 
|---|---|---|---|---|---|---|
| r-devel-linux-x86_64-debian-clang | 0.1.6 | 41.89 | 62.52 | 104.41 | NOTE | |
| r-devel-linux-x86_64-debian-gcc | 0.1.6 | 26.88 | 46.73 | 73.61 | NOTE | |
| r-devel-linux-x86_64-fedora-clang | 0.1.6 | 72.00 | 99.09 | 171.09 | NOTE | |
| r-devel-linux-x86_64-fedora-gcc | 0.1.6 | 62.00 | 104.19 | 166.19 | NOTE | |
| r-devel-windows-x86_64 | 0.1.6 | 47.00 | 96.00 | 143.00 | NOTE | |
| r-patched-linux-x86_64 | 0.1.6 | 42.30 | 61.16 | 103.46 | OK | |
| r-release-linux-x86_64 | 0.1.6 | 42.34 | 60.65 | 102.99 | OK | |
| r-release-macos-arm64 | 0.1.6 | 19.00 | 35.00 | 54.00 | OK | |
| r-release-macos-x86_64 | 0.1.6 | 23.00 | 62.00 | 85.00 | OK | |
| r-release-windows-x86_64 | 0.1.6 | 46.00 | 96.00 | 142.00 | OK | |
| r-oldrel-macos-arm64 | 0.1.6 | 15.00 | 31.00 | 46.00 | OK | |
| r-oldrel-macos-x86_64 | 0.1.6 | 33.00 | 52.00 | 85.00 | OK | |
| r-oldrel-windows-x86_64 | 0.1.6 | 53.00 | 113.00 | 166.00 | OK | 
Version: 0.1.6
Check: Rd files
Result: NOTE
  checkRd: (-1) emBayes-package.Rd:12-17: Only 2 columns allowed in this table (row 2 has 1)
  checkRd: (-1) emBayes-package.Rd:12-17: Only 2 columns allowed in this table (row 5 has 1)
  checkRd: (-1) emBayes-package.Rd:12-17: Only 2 columns allowed in this table (row 8 has 1)
Flavors: r-devel-linux-x86_64-debian-clang, r-devel-linux-x86_64-debian-gcc, r-devel-linux-x86_64-fedora-clang, r-devel-linux-x86_64-fedora-gcc, r-devel-windows-x86_64