Last updated on 2025-04-30 04:50:04 CEST.
Flavor | Version | Tinstall | Tcheck | Ttotal | Status | Flags |
---|---|---|---|---|---|---|
r-devel-linux-x86_64-debian-clang | 0.1.6 | 40.79 | 61.38 | 102.17 | NOTE | |
r-devel-linux-x86_64-debian-gcc | 0.1.6 | 30.70 | 45.08 | 75.78 | OK | |
r-devel-linux-x86_64-fedora-clang | 0.1.6 | 172.98 | OK | |||
r-devel-linux-x86_64-fedora-gcc | 0.1.6 | 168.26 | OK | |||
r-devel-windows-x86_64 | 0.1.6 | 45.00 | 100.00 | 145.00 | OK | |
r-patched-linux-x86_64 | 0.1.6 | 40.72 | 59.79 | 100.51 | OK | |
r-release-linux-x86_64 | 0.1.6 | 41.97 | 59.11 | 101.08 | OK | |
r-release-macos-arm64 | 0.1.6 | 54.00 | OK | |||
r-release-macos-x86_64 | 0.1.6 | 85.00 | OK | |||
r-release-windows-x86_64 | 0.1.6 | 47.00 | 103.00 | 150.00 | OK | |
r-oldrel-macos-arm64 | 0.1.6 | 46.00 | OK | |||
r-oldrel-macos-x86_64 | 0.1.6 | 85.00 | OK | |||
r-oldrel-windows-x86_64 | 0.1.6 | 52.00 | 121.00 | 173.00 | OK |
Version: 0.1.6
Check: examples
Result: NOTE
Examples with CPU (user + system) or elapsed time > 5s
user system elapsed
emBayes 4.367 0.2 5.51
Flavor: r-devel-linux-x86_64-debian-clang