CRAN Package Check Results for Package emIRT

Last updated on 2025-04-30 04:50:04 CEST.

Flavor Version Tinstall Tcheck Ttotal Status Flags
r-devel-linux-x86_64-debian-clang 0.0.14 647.49 44.18 691.67 NOTE
r-devel-linux-x86_64-debian-gcc 0.0.14 411.55 32.21 443.76 NOTE
r-devel-linux-x86_64-fedora-clang 0.0.14 1590.55 OK
r-devel-linux-x86_64-fedora-gcc 0.0.14 1247.20 OK
r-devel-windows-x86_64 0.0.14 728.00 104.00 832.00 OK
r-patched-linux-x86_64 0.0.14 587.44 42.42 629.86 OK
r-release-linux-x86_64 0.0.14 580.94 42.31 623.25 OK
r-release-macos-arm64 0.0.14 225.00 OK
r-release-macos-x86_64 0.0.14 189.00 OK
r-release-windows-x86_64 0.0.14 730.00 97.00 827.00 OK
r-oldrel-macos-arm64 0.0.14 274.00 NOTE
r-oldrel-macos-x86_64 0.0.14 221.00 NOTE
r-oldrel-windows-x86_64 0.0.14 745.00 122.00 867.00 OK

Check Details

Version: 0.0.14
Check: CRAN incoming feasibility
Result: NOTE Maintainer: ‘Kosuke Imai <imai@harvard.edu>’ No Authors@R field in DESCRIPTION. Please add one, modifying Authors@R: c(person(given = "Kosuke", family = "Imai", role = c("aut", "cre"), email = "imai@harvard.edu"), person(given = "James", family = "Lo", role = "aut", email = "jameslo989@gmail.com"), person(given = "Jonathan", family = "Olmsted", role = "aut", email = "jpolmsted@gmail.com")) as necessary. Flavors: r-devel-linux-x86_64-debian-clang, r-devel-linux-x86_64-debian-gcc

Version: 0.0.14
Check: installed package size
Result: NOTE installed size is 18.1Mb sub-directories of 1Mb or more: data 2.0Mb libs 15.9Mb Flavors: r-oldrel-macos-arm64, r-oldrel-macos-x86_64