Last updated on 2025-04-30 04:50:04 CEST.
Flavor | Version | Tinstall | Tcheck | Ttotal | Status | Flags |
---|---|---|---|---|---|---|
r-devel-linux-x86_64-debian-clang | 1.2 | 67.59 | 62.11 | 129.70 | OK | |
r-devel-linux-x86_64-debian-gcc | 1.2 | 47.63 | 49.48 | 97.11 | OK | |
r-devel-linux-x86_64-fedora-clang | 1.2 | 221.40 | OK | |||
r-devel-linux-x86_64-fedora-gcc | 1.2 | 246.79 | OK | |||
r-devel-windows-x86_64 | 1.2 | 76.00 | 102.00 | 178.00 | OK | |
r-patched-linux-x86_64 | 1.2 | 69.74 | 74.21 | 143.95 | OK | |
r-release-linux-x86_64 | 1.2 | 72.21 | 69.79 | 142.00 | OK | |
r-release-macos-arm64 | 1.2 | 74.00 | OK | |||
r-release-macos-x86_64 | 1.2 | 93.00 | OK | |||
r-release-windows-x86_64 | 1.2 | 79.00 | 92.00 | 171.00 | OK | |
r-oldrel-macos-arm64 | 1.2 | 64.00 | NOTE | |||
r-oldrel-macos-x86_64 | 1.2 | 86.00 | NOTE | |||
r-oldrel-windows-x86_64 | 1.2 | 84.00 | 112.00 | 196.00 | OK |
Version: 1.2
Check: installed package size
Result: NOTE
installed size is 5.9Mb
sub-directories of 1Mb or more:
libs 5.2Mb
Flavors: r-oldrel-macos-arm64, r-oldrel-macos-x86_64