CRAN Package Check Results for Package emend

Last updated on 2025-04-30 04:50:04 CEST.

Flavor Version Tinstall Tcheck Ttotal Status Flags
r-devel-linux-x86_64-debian-clang 0.1.0 5.18 27.62 32.80 OK
r-devel-linux-x86_64-debian-gcc 0.1.0 4.90 22.44 27.34 OK
r-devel-linux-x86_64-fedora-clang 0.1.0 50.48 OK
r-devel-linux-x86_64-fedora-gcc 0.1.0 49.14 OK
r-devel-windows-x86_64 0.1.0 9.00 56.00 65.00 OK
r-patched-linux-x86_64 0.1.0 6.62 26.28 32.90 OK
r-release-linux-x86_64 0.1.0 6.24 25.00 31.24 OK
r-release-macos-arm64 0.1.0 24.00 OK
r-release-macos-x86_64 0.1.0 49.00 OK
r-release-windows-x86_64 0.1.0 9.00 52.00 61.00 OK
r-oldrel-macos-arm64 0.1.0 28.00 OK
r-oldrel-macos-x86_64 0.1.0 71.00 NOTE
r-oldrel-windows-x86_64 0.1.0 10.00 56.00 66.00 OK

Check Details

Version: 0.1.0
Check: installed package size
Result: NOTE installed size is 5.5Mb sub-directories of 1Mb or more: data 5.4Mb Flavor: r-oldrel-macos-x86_64