CRAN Package Check Results for Package emld

Last updated on 2025-04-30 04:50:04 CEST.

Flavor Version Tinstall Tcheck Ttotal Status Flags
r-devel-linux-x86_64-debian-clang 0.5.1 4.88 70.01 74.89 NOTE
r-devel-linux-x86_64-debian-gcc 0.5.1 3.51 50.13 53.64 NOTE
r-devel-linux-x86_64-fedora-clang 0.5.1 115.93 OK
r-devel-linux-x86_64-fedora-gcc 0.5.1 123.16 OK
r-devel-windows-x86_64 0.5.1 7.00 93.00 100.00 OK
r-patched-linux-x86_64 0.5.1 4.17 65.47 69.64 OK
r-release-linux-x86_64 0.5.1 3.91 66.25 70.16 OK
r-release-macos-arm64 0.5.1 44.00 OK
r-release-macos-x86_64 0.5.1 86.00 OK
r-release-windows-x86_64 0.5.1 7.00 92.00 99.00 OK
r-oldrel-macos-arm64 0.5.1 43.00 NOTE
r-oldrel-macos-x86_64 0.5.1 64.00 NOTE
r-oldrel-windows-x86_64 0.5.1 7.00 105.00 112.00 NOTE

Check Details

Version: 0.5.1
Check: CRAN incoming feasibility
Result: NOTE Maintainer: ‘Carl Boettiger <cboettig@gmail.com>’ Package CITATION file contains call(s) to old-style citEntry(). Please use bibentry() instead. Flavors: r-devel-linux-x86_64-debian-clang, r-devel-linux-x86_64-debian-gcc

Version: 0.5.1
Check: LazyData
Result: NOTE 'LazyData' is specified without a 'data' directory Flavors: r-oldrel-macos-arm64, r-oldrel-macos-x86_64, r-oldrel-windows-x86_64