CRAN Package Check Results for Package emojifont

Last updated on 2025-04-30 04:50:04 CEST.

Flavor Version Tinstall Tcheck Ttotal Status Flags
r-devel-linux-x86_64-debian-clang 0.5.5 4.70 54.07 58.77 OK
r-devel-linux-x86_64-debian-gcc 0.5.5 4.28 39.06 43.34 OK
r-devel-linux-x86_64-fedora-clang 0.5.5 84.70 OK
r-devel-linux-x86_64-fedora-gcc 0.5.5 92.97 OK
r-devel-windows-x86_64 0.5.5 8.00 81.00 89.00 OK
r-patched-linux-x86_64 0.5.5 5.13 51.26 56.39 OK
r-release-linux-x86_64 0.5.5 5.45 51.11 56.56 OK
r-release-macos-arm64 0.5.5 37.00 OK
r-release-macos-x86_64 0.5.5 64.00 OK
r-release-windows-x86_64 0.5.5 9.00 75.00 84.00 OK
r-oldrel-macos-arm64 0.5.5 36.00 NOTE
r-oldrel-macos-x86_64 0.5.5 55.00 NOTE
r-oldrel-windows-x86_64 0.5.5 9.00 85.00 94.00 NOTE

Check Details

Version: 0.5.5
Check: installed package size
Result: NOTE installed size is 7.0Mb sub-directories of 1Mb or more: emoji_fonts 6.4Mb Flavors: r-oldrel-macos-arm64, r-oldrel-macos-x86_64, r-oldrel-windows-x86_64