CRAN Package Check Results for Package emphatic

Last updated on 2025-11-02 03:51:37 CET.

Flavor Version Tinstall Tcheck Ttotal Status Flags
r-devel-linux-x86_64-debian-clang 0.1.8 3.22 63.11 66.33 NOTE
r-devel-linux-x86_64-debian-gcc 0.1.8 2.18 48.43 50.61 NOTE
r-devel-linux-x86_64-fedora-clang 0.1.8 103.34 NOTE
r-devel-linux-x86_64-fedora-gcc 0.1.8 112.20 NOTE
r-devel-windows-x86_64 0.1.8 4.00 80.00 84.00 NOTE
r-patched-linux-x86_64 0.1.8 3.09 59.29 62.38 NOTE
r-release-linux-x86_64 0.1.8 2.56 60.18 62.74 NOTE
r-release-macos-arm64 0.1.8 1.00 38.00 39.00 NOTE
r-release-macos-x86_64 0.1.8 3.00 68.00 71.00 NOTE
r-release-windows-x86_64 0.1.8 5.00 79.00 84.00 NOTE
r-oldrel-macos-arm64 0.1.8 2.00 68.00 70.00 OK
r-oldrel-macos-x86_64 0.1.8 3.00 75.00 78.00 OK
r-oldrel-windows-x86_64 0.1.8 7.00 102.00 109.00 OK

Check Details

Version: 0.1.8
Check: DESCRIPTION meta-information
Result: NOTE Missing dependency on R >= 4.1.0 because package code uses the pipe |> or function shorthand \(...) syntax added in R 4.1.0. File(s) using such syntax: ‘as.character.emphatic.Rd’ ‘as_emphatic.Rd’ ‘as_html.Rd’ ‘as_latex.Rd’ ‘as_svg.Rd’ ‘as_svg_anim.Rd’ ‘as_svg_group.Rd’ ‘as_typst.Rd’ ‘hl.Rd’ ‘hl_adjust.Rd’ ‘is_emphatic.Rd’ ‘knit_print.emphatic.Rd’ ‘print.emphatic.Rd’ ‘show_html.Rd’ ‘write_xlsx.Rd’ Flavors: r-devel-linux-x86_64-debian-clang, r-devel-linux-x86_64-debian-gcc, r-devel-linux-x86_64-fedora-clang, r-devel-linux-x86_64-fedora-gcc, r-devel-windows-x86_64, r-patched-linux-x86_64, r-release-linux-x86_64, r-release-macos-arm64, r-release-macos-x86_64, r-release-windows-x86_64