Last updated on 2025-04-30 04:50:04 CEST.
Flavor | Version | Tinstall | Tcheck | Ttotal | Status | Flags |
---|---|---|---|---|---|---|
r-devel-linux-x86_64-debian-clang | 2.5.0 | 20.45 | 246.84 | 267.29 | NOTE | |
r-devel-linux-x86_64-debian-gcc | 2.5.0 | 13.33 | 157.14 | 170.47 | NOTE | |
r-devel-linux-x86_64-fedora-clang | 2.5.0 | 449.84 | OK | |||
r-devel-linux-x86_64-fedora-gcc | 2.5.0 | 393.19 | OK | |||
r-devel-windows-x86_64 | 2.5.0 | 27.00 | 283.00 | 310.00 | NOTE | |
r-patched-linux-x86_64 | 2.5.0 | 25.66 | 232.00 | 257.66 | NOTE | |
r-release-linux-x86_64 | 2.5.0 | 17.95 | 229.52 | 247.47 | NOTE | |
r-release-macos-arm64 | 2.5.0 | 104.00 | OK | |||
r-release-macos-x86_64 | 2.5.0 | 208.00 | OK | |||
r-release-windows-x86_64 | 2.5.0 | 27.00 | 267.00 | 294.00 | NOTE | |
r-oldrel-macos-arm64 | 2.5.0 | 103.00 | OK | |||
r-oldrel-macos-x86_64 | 2.5.0 | 192.00 | OK | |||
r-oldrel-windows-x86_64 | 2.5.0 | 32.00 | 337.00 | 369.00 | OK |
Version: 2.5.0
Check: Rd cross-references
Result: NOTE
Found the following Rd file(s) with Rd \link{} targets missing package
anchors:
get_trackdata.Rd: wrasspOutputInfos, tibble
query.Rd: tibble
requery_hier.Rd: tibble
requery_seq.Rd: tibble
serve.Rd: stopAllServers, httpuv
Please provide package anchors for all Rd \link{} targets not in the
package itself and the base packages.
Flavors: r-devel-linux-x86_64-debian-clang, r-devel-linux-x86_64-debian-gcc, r-devel-windows-x86_64, r-patched-linux-x86_64, r-release-linux-x86_64, r-release-windows-x86_64