CRAN Package Check Results for Package encryptedRmd

Last updated on 2025-11-03 03:49:39 CET.

Flavor Version Tinstall Tcheck Ttotal Status Flags
r-devel-linux-x86_64-debian-clang 0.2.1 1.39 21.67 23.06 OK
r-devel-linux-x86_64-debian-gcc 0.2.1 1.36 18.02 19.38 OK
r-devel-linux-x86_64-fedora-clang 0.2.1 32.13 OK
r-devel-linux-x86_64-fedora-gcc 0.2.1 30.35 OK
r-devel-windows-x86_64 0.2.1 3.00 37.00 40.00 OK
r-patched-linux-x86_64 0.2.1 1.80 19.01 20.81 OK
r-release-linux-x86_64 0.2.1 1.63 18.90 20.53 OK
r-release-macos-arm64 0.2.1 1.00 15.00 16.00 OK
r-release-macos-x86_64 0.2.1 1.00 22.00 23.00 OK
r-release-windows-x86_64 0.2.1 5.00 38.00 43.00 OK
r-oldrel-macos-arm64 0.2.1 1.00 16.00 17.00 NOTE
r-oldrel-macos-x86_64 0.2.1 2.00 25.00 27.00 NOTE
r-oldrel-windows-x86_64 0.2.1 4.00 43.00 47.00 NOTE

Check Details

Version: 0.2.1
Check: LazyData
Result: NOTE 'LazyData' is specified without a 'data' directory Flavors: r-oldrel-macos-arm64, r-oldrel-macos-x86_64, r-oldrel-windows-x86_64