Last updated on 2025-04-30 04:50:04 CEST.
Flavor | Version | Tinstall | Tcheck | Ttotal | Status | Flags |
---|---|---|---|---|---|---|
r-devel-linux-x86_64-debian-clang | 2.29 | 5.57 | 42.90 | 48.47 | NOTE | |
r-devel-linux-x86_64-debian-gcc | 2.29 | 3.44 | 30.90 | 34.34 | NOTE | |
r-devel-linux-x86_64-fedora-clang | 2.29 | 69.35 | OK | |||
r-devel-linux-x86_64-fedora-gcc | 2.29 | 64.46 | OK | |||
r-devel-windows-x86_64 | 2.29 | 7.00 | 61.00 | 68.00 | OK | |
r-patched-linux-x86_64 | 2.29 | 5.35 | 40.61 | 45.96 | OK | |
r-release-linux-x86_64 | 2.29 | 4.79 | 40.80 | 45.59 | OK | |
r-release-macos-arm64 | 2.29 | 26.00 | OK | |||
r-release-macos-x86_64 | 2.29 | 39.00 | OK | |||
r-release-windows-x86_64 | 2.29 | 8.00 | 59.00 | 67.00 | OK | |
r-oldrel-macos-arm64 | 2.29 | 21.00 | OK | |||
r-oldrel-macos-x86_64 | 2.29 | 38.00 | OK | |||
r-oldrel-windows-x86_64 | 2.29 | 8.00 | 68.00 | 76.00 | OK |
Version: 2.29
Check: CRAN incoming feasibility
Result: NOTE
Maintainer: ‘Christian E. Galarza <cgalarza88@gmail.com>’
No Authors@R field in DESCRIPTION.
Please add one, modifying
Authors@R: c(person(given = c("Christian", "E."),
family = "Galarza",
role = c("aut", "cre"),
email = "cgalarza88@gmail.com"),
person(given = c("Jonathan", "M."),
family = "Olate",
role = "aut"))
as necessary.
Flavors: r-devel-linux-x86_64-debian-clang, r-devel-linux-x86_64-debian-gcc