CRAN Package Check Results for Package enerscape

Last updated on 2025-04-30 04:50:04 CEST.

Flavor Version Tinstall Tcheck Ttotal Status Flags
r-devel-linux-x86_64-debian-clang 1.1.0 27.38 203.69 231.07 NOTE
r-devel-linux-x86_64-debian-gcc 1.1.0 18.90 127.85 146.75 NOTE
r-devel-linux-x86_64-fedora-clang 1.1.0 384.60 OK
r-devel-linux-x86_64-fedora-gcc 1.1.0 377.30 OK
r-devel-windows-x86_64 1.1.0 31.00 182.00 213.00 OK
r-patched-linux-x86_64 1.1.0 31.28 190.42 221.70 OK
r-release-linux-x86_64 1.1.0 29.06 188.55 217.61 OK
r-release-macos-arm64 1.1.0 87.00 OK
r-release-macos-x86_64 1.1.0 184.00 OK
r-release-windows-x86_64 1.1.0 28.00 180.00 208.00 OK
r-oldrel-macos-arm64 1.1.0 85.00 OK
r-oldrel-macos-x86_64 1.1.0 135.00 OK
r-oldrel-windows-x86_64 1.1.0 40.00 243.00 283.00 OK

Check Details

Version: 1.1.0
Check: CRAN incoming feasibility
Result: NOTE Maintainer: ‘Emilio Berti <emilio.berti@idiv.de>’ No Authors@R field in DESCRIPTION. Please add one, modifying Authors@R: person(given = "Emilio", family = "Berti", role = c("aut", "cre"), email = "emilio.berti@idiv.de") as necessary. Flavors: r-devel-linux-x86_64-debian-clang, r-devel-linux-x86_64-debian-gcc