Last updated on 2025-04-30 04:50:05 CEST.
Flavor | Version | Tinstall | Tcheck | Ttotal | Status | Flags |
---|---|---|---|---|---|---|
r-devel-linux-x86_64-debian-clang | 3.0 | 22.56 | 194.90 | 217.46 | NOTE | |
r-devel-linux-x86_64-debian-gcc | 3.0 | 15.85 | 117.02 | 132.87 | NOTE | |
r-devel-linux-x86_64-fedora-clang | 3.0 | 345.96 | OK | |||
r-devel-linux-x86_64-fedora-gcc | 3.0 | 332.60 | OK | |||
r-devel-windows-x86_64 | 3.0 | 21.00 | 158.00 | 179.00 | OK | |
r-patched-linux-x86_64 | 3.0 | 21.71 | 180.10 | 201.81 | OK | |
r-release-linux-x86_64 | 3.0 | 23.21 | 181.99 | 205.20 | OK | |
r-release-macos-arm64 | 3.0 | 74.00 | OK | |||
r-release-macos-x86_64 | 3.0 | 251.00 | OK | |||
r-release-windows-x86_64 | 3.0 | 21.00 | 155.00 | 176.00 | OK | |
r-oldrel-macos-arm64 | 3.0 | 67.00 | OK | |||
r-oldrel-macos-x86_64 | 3.0 | 111.00 | OK | |||
r-oldrel-windows-x86_64 | 3.0 | 28.00 | 213.00 | 241.00 | OK |
Version: 3.0
Check: CRAN incoming feasibility
Result: NOTE
Maintainer: ‘Pascal Title <pascal.title@stonybrook.edu>’
No Authors@R field in DESCRIPTION.
Please add one, modifying
Authors@R: c(person(given = c("Pascal", "O."),
family = "Title",
role = "aut"),
person(given = c("Jordan", "B."),
family = "Bemmels",
role = "aut"),
person(given = "Pascal",
family = "Title",
role = "cre",
email = "pascal.title@stonybrook.edu"))
as necessary.
Flavors: r-devel-linux-x86_64-debian-clang, r-devel-linux-x86_64-debian-gcc